to base 11
-3
10 (base 7) to base 11
7
6 (base 7) to base 12
6
-52 (base 10) to base 2
-110100
-7 (base 10) to base 8
-7
Convert 2 (base 13) to base 7.
2
What is 0 (base 15) in base 11?
0
-166 (base 8) to base 13
-91
Convert -10 (base 2) to base 3.
-2
What is 1 (base 9) in base 11?
1
Convert -8 (base 9) to base 13.
-8
-9 (base 16) to base 8
-11
What is 3 (base 10) in base 7?
3
114 (base 6) to base 11
42
2 (base 15) to base 13
2
5 (base 9) to base 15
5
What is 54 (base 13) in base 9?
76
-22 (base 15) to base 9
-35
What is -10 (base 5) in base 9?
-5
4 (base 15) to base 3
11
-12 (base 6) to base 9
-8
What is 1000001 (base 2) in base 15?
45
What is -110111 (base 2) in base 12?
-47
Convert 10 (base 3) to base 5.
3
-15 (base 6) to base 12
-b
Convert -1100 (base 3) to base 13.
-2a
What is -55 (base 10) in base 14?
-3d
Convert 2 (base 5) to base 4.
2
Convert -12 (base 11) to base 15.
-d
What is 4 (base 14) in base 9?
4
What is 2 (base 9) in base 8?
2
Convert 16 (base 10) to base 9.
17
Convert -431 (base 5) to base 16.
-74
Convert 1 (base 8) to base 6.
1
-8 (base 12) to base 10
-8
Convert 20 (base 3) to base 11.
6
131 (base 10) to base 3
11212
What is 4 (base 10) in base 4?
10
Convert 25 (base 9) to base 3.
212
What is -5 (base 13) in base 16?
-5
What is 463 (base 8) in base 13?
1a8
What is 128 (base 9) in base 4?
1223
Convert 0 (base 15) to base 7.
0
7 (base 10) to base 11
7
Convert 22 (base 12) to base 16.
1a
-13 (base 8) to base 5
-21
What is -100 (base 2) in base 15?
-4
What is -1023 (base 4) in base 11?
-69
6 (base 13) to base 12
6
12 (base 9) to base 13
b
Convert 1 (base 7) to base 10.
1
What is -6 (base 7) in base 12?
-6
Convert 62 (base 14) to base 12.
72
1 (base 15) to base 5
1
20 (base 5) to base 10
10
Convert 110110 (base 2) to base 13.
42
What is -51 (base 6) in base 13?
-25
What is 5 (base 16) in base 2?
101
What is -3 (base 14) in base 5?
-3
-12 (base 3) to base 6
-5
Convert 23 (base 4) to base 15.
b
Convert -10 (base 13) to base 5.
-23
Convert 42 (base 12) to base 8.
62
Convert 2 (base 10) to base 3.
2
-47 (base 14) to base 16
-3f
-1 (base 15) to base 2
-1
Convert 33 (base 8) to base 13.
21
What is -2 (base 6) in base 13?
-2
Convert 7c (base 13) to base 6.
251
What is -28 (base 16) in base 13?
-31
What is 3 (base 6) in base 16?
3
3 (base 15) to base 7
3
What is 3 (base 11) in base 10?
3
-202 (base 7) to base 14
-72
What is -2 (base 6) in base 8?
-2
What is -11 (base 6) in base 3?
-21
-3 (base 9) to base 10
-3
What is 1101 (base 4) in base 2?
1010001
-5 (base 13) to base 6
-5
What is 2 (base 7) in base 3?
2
-20 (base 6) to base 4
-30
Convert -441 (base 6) to base 8.
-251
-12 (base 6) to base 11
-8
-5 (base 15) to base 13
-5
-102 (base 11) to base 12
-a3
Convert 2 (base 12) to base 5.
2
What is 3111 (base 4) in base 8?
325
What is 66 (base 15) in base 2?
1100000
113 (base 4) to base 16
17
What is 118 (base 10) in base 7?
226
What is -25 (base 10) in base 6?
-41
-31 (base 10) to base 13
-25
1010011 (base 2) to base 11
76
What is 23 (base 5) in base 3?
111
0 (base 14) to base 15
0
Convert 3 (base 12) to base 9.
3
Convert -6 (base 14) to base 11.
-6
Convert 13 (base 7) to base 10.
10
-4 (base 6) to base 7
-4
70 (base 9) to base 4
333
Convert -2 (base 10) to base 12.
-2
Convert 1 (base 8) to base 6.
1
67 (base 12) to base 13
61
What is -64 (base 11) in base 10?
-70
What is 2 (base 16) in base 7?
2
What is -2 (base 5) in base 7?
-2
What is -115 (base 7) in base 4?
-331
Convert -3 (base 4) to base 13.
-3
11 (base 10) to base 14
b
What is 3 (base 5) in base 13?
3
1012 (base 3) to base 16
20
Convert -4 (base 5) to base 13.
-4
Convert 220 (base 3) to base 14.
1a
What is 1a (base 11) in base 13?
18
Convert -12 (base 10) to base 8.
-14
6 (base 16) to base 13
6
What is -101 (base 2) in base 13?
-5
Convert -37 (base 13) to base 12.
-3a
-2 (base 10) to base 6
-2
Convert -11201 (base 3) to base 4.
-1333
4 (base 16) to base 12
4
What is 1 (base 4) in base 2?
1
What is -3 (base 8) in base 15?
-3
Convert 122 (base 4) to base 3.
222
-17 (base 10) to base 16
-11
Convert 10 (base 7) to base 11.
7
-6 (base 13) to base 11
-6
2 (base 5) to base 13
2
6 (base 11) to base 4
12
What is -41 (base 6) in base 11?
-23
Convert a (base 14) to base 2.
1010
Convert -2 (base 11) to base 3.
-2
Convert 9b (base 12) to base 10.
119
Convert -4 (base 6) to base 15.
-4
What is -5 (base 16) in base 15?
-5
What is -21 (base 4) in base 2?
-1001
What is -9 (base 13) in base 10?
-9
-1 (base 5) to base 6
-1
3123 (base 4) to base 5
1334
Convert -38 (base 9) to base 4.
-203
-8 (base 12) to base 11
-8
Convert fc (base 16) to base 5.
2002
Convert 2 (base 12) to base 6.
2
What is 25 (base 16) in base 15?
27
-202 (base 3) to base 9
-22
Convert -4 (base 7) to base 4.
-10
-2 (base 9) to base 15
-2
Convert 15 (base 11) to base 12.
14
Convert -3 (base 12) to base 15.
-3
-38 (base 13) to base 12
-3b
13 (base 5) to base 8
10
What is 132 (base 4) in base 5?
110
What is 82 (base 10) in base 8?
122
What is 3 (base 6) in base 16?
3
Convert 1 (base 11) to base 2.
1
Convert 3 (base 5) to base 14.
3
Convert -16 (base 9) to base 12.
-13
-5 (base 9) to base 16
-5
Convert 1112 (base 4) to base 10.
86
1 (base 10) to base 3
1
3 (base 7) to base 15
3
What is -174 (base 9) in base 12?
-104
-1330 (base 5) to base 9
-258
-101 (base 2) to base 4
-11
-2 (base 7) to base 14
-2
-1101 (base 2) to base 10
-13
What is 11 (base 3) in base 4?
10
Convert -30 (base 5) to base 3.
-120
10 (base 13) to base 2
1101
Convert -67 (base 10) to base 12.
-57
Convert 7f (base 16) to base 7.
241
Convert -331 (base 8) to base 5.
-1332
What is 21 (base 6) in base 10?
13
What is -100 (base 2) in base 9?
-4
Convert 8 (base 16) to base 8.
10
0 (base 14) to base 15
0
-13 (base 16) to base 7
-25
Convert 99 (base 13) to base 10.
126
-2012 (base 3) to base 5
-214
0 (base 6) to base 2
0
Convert -4 (base 10) to base 13.
-4
-b7 (base 12) to base 16
-8b
What is 110 (base 2) in base 6?
10
Convert -18 (base 12) to base 3.
-202
What is -33 (base 9) in base 5?
-110
-4 (base 8) to base 16
-4
Convert -3 (base 8) to base 3.
-10
What is 5b (base 12) in base 15?
4b
-68 (base 9) to base 3
-2022
What is 53 (base 9) in base 10?
48
What is -29 (base 13) in base 15?
-25
Convert 6 (base 16) to base 7.
6
What is -4 (base 9) in base 8?
-4
What is -13a (base 11) in base 10?
-164
Convert -3 (base 6) to base 12.
-3
Convert -1220 (base 3) to base 6.
-123
-10 (base 13) to base 6
-21
Convert 2 (base 3) to base 15.
2
What is 3 (base 6) in base 9?
3
-3 (base 16) to base 12
-3
Convert -33 (base 7) to base 9.
-26
Convert 2 (base 12) to base 11.
2
Convert -6 (base 12) to base 9.
-6
What is -182 (base 13) in base 9?
-335
Convert -12 (base 15) to base 6.
-25
-1002 (base 3) to base 2
-11101
-3 (base 6) to base 11
-3
Convert 4 (base 13) to base 15.
4
-55 (base 8) to base 13
-36
b2 (base 13) to base 16
91
5 (base 10) to base 13
5
-58 (base 9) to base 15
-38
44 (base 8) to base 15
26
What is 6 (base 12) in base 2?
110
Convert -64 (base 15) to base 2.
-1011110
Convert -9 (base 15) to base 7.
-12
What is -213 (base 5) in base 9?
-64
11 (base 2) to base 5
3
Convert 34 (base 11) to base 15.
27
What is 1 (base 3) in base 12?
1
Convert -11 (base 9) to base 13.
-a
What is -13 (base 15) in base 7?
-24
Convert -1033 (base 4) to base 6.
-211
Convert -4 (base 5) to base 10.
-4
What is -4 (base 14) in base 5?
-4
10 (base 12) to base 16
c
What is -40 (base 15) in base 3?
-2020
Convert 10 (base 12) to base 16.
c
-22 (base 10) to base 9
-24
1 (base 4) to base 5
1
Convert -2 (base 11) to base 3.
-2
What is -11 (base 16) in base 15?
-12
What is 2000 (base 4) in base 6?
332
12211 (base 3) to base 13
c1
Convert -11010 (base 3) to base 12.
-93
What is 15 (base 8) in base 12?
11
228 (base 12) to base 11
271
What is 30 (base 7) in base 10?
21
What is 2 (base 12) in base 4?
2
What is 52 (base 9) in base 11?
43
What is c4 (base 14) in base 12?
124
What is 10 (base 2) in base 9?
2
Convert 141 (base 5) to base 13.
37
What is -44 (base 7) in base 15?
-22
4 (base 10) to base 9
4
Convert -2 (base 3) to base 15.
-2
Convert 5 (base 8) to base 2.
101
-11 (base 2) to base 4
-3
Convert 1 (base 11) to base 6.
1
95 (base 12) to base 4
1301
113 (base 4) to base 12
1b
b (base 15) to base 14
b
Convert 23 (base 7) to 